2
Let g be (-120)/(-8)*(-1)/(-3). Suppose 5*d + p - g*p - 110 = 0, -4*d - 5*p = -88. What is the units digit of d?
2
Suppose -7*l = -6*l - 22. What is the tens digit of l?
2
Suppose 30 = 2*p + p. Suppose -2*s - p = -42. What is the tens digit of s?
1
Suppose v + 0*v - 5 = 0. Suppose 3*b - v*b + 2*u + 8 = 0, -5*u + 16 = 4*b. What is the units digit of (6/b)/(1/2)?
3
Suppose 0 = -t + 2 - 1. Suppose n + 0 = t. Let v = 2 - n. What is the units digit of v?
1
Let l(s) = 2*s**2 + 4*s - 1. Let a be (0 - 2)/4*6. What is the units digit of l(a)?
5
Let k be (3/(-6)*-2)/1. Let q = k + 0. Suppose q = 2*z - 5. What is the units digit of z?
3
Let p(x) = x**2 + x - 1. Let o(f) = -4*f**2 + 8. Let n(d) = -o(d) - 5*p(d). What is the units digit of n(-4)?
1
What is the units digit of 11/2*(4 + 2)?
3
Let b = 9 - 5. Suppose -4*u + b*m + 17 = -3, 2*u = m + 8. Suppose -u*j + p + 27 = -2, -j - 7 = 3*p. What is the units digit of j?
8
Let g = 13 + -12. What is the units digit of g?
1
Let o be (13 + -10)*14/6. Let x(f) = f**3 - 8*f**2 + 9*f - 6. What is the units digit of x(o)?
8
Suppose -g - 4*n + 17 - 5 = 0, -3*g + 5*n = -2. Let v = 6 - g. Suppose 5*x + 20 = 0, -3*f = -f + v*x - 36. What is the units digit of f?
2
Suppose 3*z - h = 81 + 16, 19 = z - 3*h. What is the tens digit of z?
3
Let p be (-1)/(-7) + (-68)/(-14). Let a = -7 - p. Let x = a + 21. What is the units digit of x?
9
What is the units digit of (9 + 0)*18/54?
3
Suppose -z = -2*i - 7, 0*i = 2*z - i - 11. Let s(w) = -z + 9*w + 2*w**2 + 3 - 4*w - 1. What is the units digit of s(-4)?
9
Suppose 4*d + 19 = 3*w, -3*w - 3*d - 9 = -0*w. Suppose -w = -k + 4. What is the units digit of k*(-12)/10*-1?
6
Suppose 2*v - z = -0*v + 229, -3*v + 337 = 5*z. What is the tens digit of v?
1
Suppose 5*r + 4*m = -18, -r - 5*m = r + 14. What is the units digit of (36/27)/(r/(-15))?
0
Let w = 4 - 4. Suppose b = -u - 1, 4*u = 3*b - w*b + 17. What is the units digit of u?
2
Let z be (2/3)/((-8)/(-60)). Let c(o) = o**3 - 4*o**2 - 5*o. Let v be c(z). Let q = v + 8. What is the units digit of q?
8
Suppose 70 = -0*s + 4*s + 2*c, 12 = -4*c. Let d = -7 + s. What is the tens digit of d?
1
Suppose v - b - 5 = 5, 3*b - 3 = 0. Let q = -7 + v. Suppose q*d = 3*d + 4. What is the units digit of d?
4
Suppose -5*k - 5*o = -55, 15 = 5*k - o - 2*o. Suppose 0 = 5*a - 0*a - 40. Let d = a - k. What is the units digit of d?
2
What is the tens digit of 18/45 - (-6)/10 - -78?
7
Let v(j) be the third derivative of -j**5/20 - j**3/6 - 3*j**2. Let a be v(-1). What is the units digit of 6/a*(-48)/18?
4
Let a = 0 + 3. Let g(c) = -c + 3. Let n be g(9). What is the units digit of 6 - (a - n/(-3))?
5
Let a(x) = -x**3 + x**2 - 3*x - 1. Let n be a(3). Let c = 46 + n. What is the units digit of c?
8
Let a(c) = 6*c**2 - 5*c + 2. Let d be a(4). Suppose 8*j - 3*j - 157 = 3*z, -2*j + 5*z = -d. What is the units digit of j?
9
Let i(j) = j + 13. Let b = -10 - 2. What is the units digit of i(b)?
1
Let a be 2/(3/12*-2). Let w(r) = r**2 + 2*r - 3. What is the units digit of w(a)?
5
Let l be (-3)/(9/6) + 8. What is the tens digit of (-79)/(-3) - l/(-9)?
2
Let v(q) = q**3 - q**2 + 18. Let o be v(0). Let p = 32 - o. What is the units digit of 8/28 - (-94)/p?
7
Suppose -4*f + 15 = -9*f. Let b = f - -15. What is the tens digit of b?
1
Let s = -55 + 79. Suppose -80 = -5*i + 5*a, 3*i - 3*a - s = 2*i. What is the tens digit of i?
1
Let z(g) = -9*g**3 - 17*g**2 - 6*g + 9. Let t(y) = 5*y**3 + 9*y**2 + 3*y - 5. Let b(q) = 11*t(q) + 6*z(q). What is the units digit of b(5)?
4
Let c(g) = -3*g - 9. Let w be c(-9). Suppose 3*a = 21 + w. What is the tens digit of a?
1
Let z = 9 + -7. What is the units digit of z?
2
What is the hundreds digit of 45/(-10)*56*4/(-6)?
1
Suppose 5*t + 0 - 10 = 0. Suppose -y = t*y - 3. What is the units digit of y?
1
Suppose -2*r - 2*r = -8. Let f(p) = -7*p**2 - 5*p**r + 8 + p**3 + 5*p**2. What is the units digit of f(7)?
8
Suppose 2*b + 3*b + 2*z + 25 = 0, -3*b - 2*z - 11 = 0. Let t(q) = -q**2 - 10*q - 10. What is the units digit of t(b)?
1
Let l(y) be the second derivative of y**3 + 7/2*y**2 + 3*y + 0 - 1/12*y**4. What is the units digit of l(5)?
2
Let k be -2 + 1 - (-94)/2. Let m = -29 + k. What is the units digit of m?
7
Let w(l) = -l**2 + 8*l - 5. Let s = 23 - 7. Let z = s - 10. What is the units digit of w(z)?
7
What is the tens digit of 26/(-39) - 119/(-3)?
3
Let k(q) = -8 - 7 - 3*q + 9*q. What is the tens digit of k(6)?
2
Let d(a) = a**3 + 6*a**2 - 6*a - 5. What is the tens digit of d(-6)?
3
Let n be -4 + 0/(0 + -1). Let f = n + 4. Suppose -5*x + f*x + 7 = -4*q, -4 = -2*x + q. What is the units digit of x?
3
Let k be (-45)/6*12/(-15). Let a = k + 2. What is the units digit of a?
8
Suppose 0 = -3*f + 127 - 37. What is the units digit of f?
0
Let w(y) = -7*y + 1. Suppose -8 = 2*i - 3*i - 5*r, 4*i + 10 = r. Let j be w(i). Suppose -2*h = -11 - j. What is the units digit of h?
3
Let y(d) = 15*d**2 + d + 1. Let x be y(-3). Suppose -6*s = -373 + x. What is the tens digit of s?
4
Suppose 4*g - 495 = g. What is the tens digit of g?
6
Let j(l) = -l**2 - 6*l - 2. Suppose -k + 13 = -3*z, 4*k = -k - 10. What is the units digit of j(z)?
3
Let s(p) = -p**2 - 4*p - 1. Let c be s(-4). Let h be (-4 + 3)*1*c. What is the units digit of (h/(-2))/((-2)/8)?
2
Let v(g) = g**3 - 3*g**2 - 6*g - 5. Let j be v(5). Let p = -14 + j. What is the units digit of p?
1
Let j(i) = -5*i + 7. What is the units digit of j(-6)?
7
Suppose 0*m = -5*m + 10. Suppose 3*y + 5*d = 30, -3*y + 4*d + 1 = -m. What is the units digit of y?
5
Let c = -12 - -5. Let k be 9/c + (-2)/(-7). Let t = k + 10. What is the units digit of t?
9
Suppose 3*o = 1 + 8. Let s(i) = 13*i - 3. What is the units digit of s(o)?
6
Let f(z) = z**2 - 9*z + 6. Let q be f(8). What is the tens digit of (q/6)/(2/(-90))?
1
Let q(i) be the second derivative of 3*i**3/2 - i. What is the units digit of q(2)?
8
Let f(t) = -t + 1. Let o be f(-5). Let p = o - 7. What is the units digit of p + -1 + 2 - -3?
3
Let r be 1*1/1*4. Let n be (0 - -8)/(-2 + r). Suppose n*m + 4 = -2*q + 12, -52 = -3*q + 4*m. What is the units digit of q?
2
Let i(c) = -14*c - 2. Let h be i(-2). Suppose -3*o + 5*o + 32 = 0. Let w = h + o. What is the units digit of w?
0
Suppose -4*c = -20 - 4. Suppose -3*g = 2*d - 44, -c*g = -2*d - 2*g + 30. What is the units digit of d?
9
Let s(y) = y**2 + y + 3. What is the tens digit of s(-8)?
5
Suppose -3*d + 77 = -76. Suppose 5*b - d = -21. Let k = 10 - b. What is the units digit of k?
4
Suppose 17 = 4*c - 4*d - 7, -c - 6 = 5*d. What is the units digit of c?
4
What is the units digit of 0 + -1 - (-12 + -41)?
2
Let c = -44 + 68. Let g = 1 - -1. What is the units digit of ((-3)/g)/((-18)/c)?
2
What is the tens digit of 45/(-5 - 26/(-4))?
3
Let p(q) = 12*q + 20. What is the tens digit of p(6)?
9
Let d(x) be the second derivative of -7*x**3/6 - 17*x. Let n be 1/(-2 + 0 + 1). What is the units digit of d(n)?
7
Let h(d) = d**3 + 1. Let j be h(1). Suppose j*n - 4 = 4. Suppose 0 = -4*u + 16, b + n + 11 = 4*u. What is the units digit of b?
1
Let r be 3/(1/(2 - 0)). Suppose 2*s - r = s. What is the units digit of 6 + 3/s*-6?
3
Let x = 14 + -25. Suppose -3 = -2*v + 1, -42 = 2*j + 4*v. Let k = x - j. What is the units digit of k?
4
Let n(u) = -5*u + 341. What is the units digit of n(0)?
1
Let k(t) = t. Let j(m) = -m. Let u(b) = 3*j(b) + 6*k(b). Let n be u(4). Suppose x + 4*d - 22 = 0, x - 2*d - n = -4*d. What is the units digit of x?
2
Let d be 66/14 + 4/14. Suppose d*q = q + 20. What is the units digit of q?
5
Let b = -94 + 99. What is the units digit of b?
5
Let r be ((-9)/2)/(12/16). Let j(n) = 2*n**2 + 9*n + 9. What is the units digit of j(r)?
7
Let t(c) = 3*c**2 - 7*c - 6. Let m be t(6). Suppose v = -3*w + m, -94 + 28 = -3*w + v. What is the units digit of w?
1
Suppose -11 = -c - 4*a, 0*a - 21 = -5*c - 3*a. Let n(t) = t**2 - 2*t + 2. What is the units digit of n(c)?
5
What is the units digit of 1 - (2 + -6 - 69)?
4
What is the units digit of 4 - 0 - 17*-7?
3
Suppose 3*n + 2*g = 152, -2*n - 147 = -5*n - 3*g. What is the units digit of n?
4
Let l be ((-8)/(-3))/((-8)/24). Let p = l - -11. What is the units digit of p?
3
Suppose -x - 11 = -2*x. Suppose 5*c + x = 76. What is the tens digit of c?
1
What is the units digit of 417/9 + 3/(-9)